Convert 14266 (base 16) to base 13.
2b74a
What is -131022110 (base 4) in base 14?
-3175a
Convert -69a20 (base 13) to base 4.
-233011113
Convert 1000110001111001100001 (base 2) to base 8.
10617141
What is -15a5015 (base 12) in base 3?
-22100212222122
What is 112876 (base 13) in base 15?
80317
Convert 2131745 (base 9) to base 4.
10113002213
What is 3132377 (base 8) in base 3?
1120022100020
5065814 (base 9) to base 6
133520021
-182831 (base 10) to base 8
-545057
What is -23011b (base 13) in base 6?
-25431250
What is 5063 (base 16) in base 2?
101000001100011
Convert -322c93 (base 14) to base 6.
-100222213
Convert 20212020000102 (base 3) to base 6.
210050232
Convert 3501752 (base 11) to base 2.
10111010110101010111101
-132132213 (base 4) to base 8
-363647
Convert -11200222102 (base 3) to base 14.
-25a3d
42265565 (base 7) to base 8
15517151
Convert -230033133 (base 6) to base 4.
-100002101301
What is -10979 (base 10) in base 13?
-4cc7
What is -782330 (base 9) in base 7?
-3655101
86138 (base 12) to base 15
3742e
-464989 (base 12) to base 7
-12405540
What is -101110110101101101 (base 2) in base 4?
-232311231
What is 1202033111 (base 4) in base 14?
a6901
1353651 (base 7) to base 12
88bb6
What is 24d33 (base 16) in base 10?
150835
Convert 132202311 (base 4) to base 11.
85aa6
Convert -2808611 (base 11) to base 15.
-659e11
Convert -44ab6 (base 14) to base 6.
-3324012
Convert -120121232 (base 4) to base 7.
-564254
Convert 1010011110000000001 (base 2) to base 3.
122102120020
1111101101101101001100 (base 2) to base 15
56584c
What is 3193712 (base 11) in base 12?
1a67a84
Convert -200774 (base 8) to base 11.
-45690
Convert -227806 (base 15) to base 10.
-1645431
What is -62140 (base 12) in base 16?
-1f440
What is -37b556 (base 15) in base 8?
-12140357
-1543243 (base 6) to base 14
-25495
Convert 5188 (base 10) to base 11.
3997
211130103121 (base 4) to base 10
9815257
What is -37a05 (base 11) in base 16?
-d4b7
Convert -130110 (base 6) to base 5.
-333311
What is -1000211022022 (base 3) in base 8?
-2055567
What is -748445 (base 11) in base 9?
-2224103
What is 1221012111 (base 4) in base 14?
b2c4d
What is -63294 (base 13) in base 12?
-87300
-601649 (base 12) to base 16
-16d259
Convert 6030144 (base 7) to base 15.
e14a3
Convert -1214525201 (base 6) to base 2.
-110101001100110100000001
-661504 (base 9) to base 11
-24a688
-622140 (base 7) to base 4
-121332213
-320120 (base 4) to base 9
-4848
Convert 50343166 (base 7) to base 5.
2032210431
Convert -7aac3 (base 14) to base 9.
-504387
-53376 (base 9) to base 6
-431240
Convert 5b864 (base 13) to base 14.
45530
-2055130 (base 6) to base 4
-120220332
-1101010010111001 (base 2) to base 10
-54457
-303113201 (base 4) to base 9
-350548
Convert -2422030422 (base 5) to base 6.
-321135313
107681 (base 11) to base 7
1312035
What is 4242232 (base 9) in base 10?
2271755
Convert -2021414 (base 5) to base 4.
-13333132
2077c (base 14) to base 13
29852
Convert -2210101212202 (base 3) to base 9.
-2711782
Convert 384636 (base 13) to base 2.
101001010001000010110
-379b941 (base 12) to base 6
-1025434121
Convert -3666 (base 14) to base 3.
-111000210
What is -3023312 (base 6) in base 11?
-98755
51a924 (base 11) to base 16
cbb11
-102034225 (base 6) to base 13
-4a3246
Convert -52973 (base 13) to base 2.
-100100010101001110
Convert -212222112010221 (base 3) to base 4.
-300213213331
112808 (base 13) to base 11
257815
-13b781 (base 13) to base 14
-c7b55
What is -2a5c92 (base 14) in base 12?
-5b2208
What is 11011110010 (base 2) in base 3?
2102212
What is -103e5 (base 16) in base 13?
-2438c
What is 28223a4 (base 12) in base 16?
7a31ac
589ad (base 15) to base 7
2254033
-702090 (base 12) to base 8
-6520754
2045310 (base 6) to base 4
120111222
-1111086 (base 9) to base 12
-249b96
261244 (base 8) to base 13
32429
Convert -1001111111101001101010 (base 2) to base 6.
-132053402
What is -21011000210212 (base 3) in base 7?
-44202665
What is 46d1b (base 15) in base 6?
4500525
104042323 (base 6) to base 5
434400404
Convert 1634405 (base 12) to base 15.
5ecb52
-3313414 (base 9) to base 3
-10100110110111
What is 69a445 (base 11) in base 13?
2cc152
-11100101120 (base 3) to base 9
-140346
What is 43044344 (base 5) in base 16?
587ea
-101001100101110110100111 (base 2) to base 14
-163b543
What is 222320310110 (base 4) in base 16?
ab8d14
Convert -47381 (base 10) to base 9.
-71885
-110000101110100010000 (base 2) to base 14
-2d7c52
Convert -10230310030 (base 4) to base 8.
-4546414
Convert 133632632 (base 7) to base 16.
84b651
What is 303212300 (base 4) in base 13?
75299
3628551 (base 9) to base 5
1000434042
Convert -14235032 (base 6) to base 5.
-111041400
22102000222221 (base 3) to base 10
4468768
Convert 126636502 (base 7) to base 9.
16430777
What is 43425512 (base 6) in base 11?
804789
34c26 (base 15) to base 2
101001000010101111
56152634 (base 7) to base 9
10116575
-11101101101001101100 (base 2) to base 16
-eda6c
What is 3168a (base 12) in base 11?
44846
What is 11222100002 (base 3) in base 8?
277213
Convert -16072776 (base 8) to base 7.
-43310551
-146632 (base 7) to base 5
-1410121
What is -1756299 (base 11) in base 9?
-5542371
Convert -71a878 (base 12) to base 2.
-110110010110101011100
What is -2179371 (base 10) in base 2?
-1000010100000100101011
Convert 1012211221110 (base 3) to base 7.
5332035
What is -333745 (base 8) in base 5?
-12100423
Convert -eaaba (base 16) to base 15.
-13ec0a
What is -b1163b (base 15) in base 7?
-131320445
Convert -979767 (base 10) to base 8.
-3571467
What is -1101020100202 (base 3) in base 6?
-23413032
40a413 (base 11) to base 6
22034204
What is -112232200 (base 4) in base 14?
-25cd2
b2705 (base 14) to base 8
1506601
Convert 20010220021212 (base 3) to base 8.
14351573
What is a0852 (base 11) in base 9?
244216
1748752 (base 9) to base 4
3232221002
-11001100111101010 (base 2) to base 11
-71929
Convert 31a51f (base 16) to base 13.
89bb8c
-4541220 (base 7) to base 9
-1050543
What is 46393 (base 10) in base 2?
1011010100111001
Convert -6db7c (base 15) to base 7.
-2656020
-178260 (base 12) to base 2
-1100011101001101000
-51698 (base 10) to base 15
-104b8
What is -123142441 (base 5) in base 8?
-2223302
What is -1001110011011011110011 (base 2) in base 3?
-11211120100010
Convert -13052300 (base 6) to base 14.
-b1828
What is -10105307 (base 8) in base 7?
-24061503
Convert 103322102 (base 5) to base 12.
1975aa
-141aa93 (base 11) to base 15
-3346bd
Convert 7321837 (base 9) to base 12.
1387907
Convert c188c (base 14) to base 8.
1615024
Convert -4b288 (base 12) to base 3.
-12012101112
-112202212201111 (base 3) to base 7
-123506404
What is -764230 (base 8) in base 5?
-31144102
What is -5305005 (base 6) in base 11?
-166677
-5575246 (base 9) to base 11
-1770687
11c20e5 (base 15) to base 16
c2c531
-41324445 (base 6) to base 12
-496725
Convert 3500502 (base 6) to base 14.
4935c
-5260888 (base 10) to base 3
-100220021120201
What is 67687 (base 11) in base 5?
11113414
-335250 (base 9) to base 7
-1464036
What is -1a891a (base 11) in base 16?
-4def3
Convert -22510323 (base 6) to base 12.
-2953a3
7cd34 (base 14) to base 10
304434
-2232410 (base 6) to base 2
-11011101010110110
What is 1111010011101010 (base 2) in base 15?
1389d
What is -11131441 (base 5) in base 10?
-98996
What is -1741637 (base 9) in base 11?
-604539
Convert -169a76 (base 13) to base 9.
-1048860
What is -44533303 (base 6) in base 3?
-2112120201010
22555154 (base 6) to base 3
1022112210121
What is -359a3c (base 13) in base 12?
-517846
What is -101111110011010110101 (base 2) in base 14?
-2cabad
-1140551 (base 6) to base 9
-101054
-16 (base 8) to base 11
-13
What is 88032 (base 11) in base 4?
133031003
What is -11110110001001001100100 (base 2) in base 14?
-10dd52c
2112132 (base 7) to base 11
164869
-10864a9 (base 11) to base 4
-13033030332
Convert -3056046 (base 10) to base 12.
-1034666
What is 818648 (base 16) in base 4?
200120121020
Convert -e1948 (base 15) to base 2.
-10101110010111101010
Convert 409695 (base 10) to base 16.
6405f
Convert -1456341 (base 8) to base 10.
-416993
What is 3236055 (base 7) in base 14?
a439c
Convert 5131241 (base 6) to base 16.
3be09
-252a2b (base 14) to base 12
-515b7b
What is -5a9895 (base 16) in base 13?
-12cb5c6
202223232 (base 4) to base 8
425356
Convert 10134